 of 22022202?
2
What is the units digit of 98699?
9
What is the tens digit of 197297?
9
What is the ten millions digit of 11670808?
1
What is the ten thousands digit of 102430?
0
What is the units digit of 17041980?
0
What is the tens digit of 233914?
1
What is the units digit of 17320537?
7
What is the millions digit of 2155293?
2
What is the hundreds digit of 1332121?
1
What is the hundreds digit of 62486?
4
What is the tens digit of 349366?
6
What is the thousands digit of 520965?
0
What is the ten thousands digit of 345032?
4
What is the hundred thousands digit of 1926866?
9
What is the ten thousands digit of 9653301?
5
What is the ten thousands digit of 4399658?
9
What is the hundreds digit of 1318982?
9
What is the ten thousands digit of 700572?
0
What is the hundred thousands digit of 1091812?
0
What is the thousands digit of 18638350?
8
What is the thousands digit of 178457?
8
What is the thousands digit of 2663608?
3
What is the tens digit of 430028?
2
What is the units digit of 21598416?
6
What is the millions digit of 2474581?
2
What is the tens digit of 27770390?
9
What is the tens digit of 205513?
1
What is the tens digit of 820161?
6
What is the tens digit of 49900?
0
What is the units digit of 2577691?
1
What is the hundreds digit of 723763?
7
What is the hundreds digit of 399761?
7
What is the tens digit of 1318880?
8
What is the tens digit of 14044?
4
What is the tens digit of 43146?
4
What is the ten thousands digit of 25376839?
7
What is the ten millions digit of 19288032?
1
What is the ten thousands digit of 1606536?
0
What is the hundred thousands digit of 117452?
1
What is the units digit of 6416405?
5
What is the thousands digit of 29917?
9
What is the thousands digit of 4283853?
3
What is the thousands digit of 825553?
5
What is the units digit of 72148?
8
What is the millions digit of 1020636?
1
What is the units digit of 164340?
0
What is the ten thousands digit of 7950176?
5
What is the hundreds digit of 1885?
8
What is the ten thousands digit of 8817751?
1
What is the millions digit of 2605799?
2
What is the hundreds digit of 66693?
6
What is the hundreds digit of 89954?
9
What is the ten thousands digit of 299871?
9
What is the millions digit of 11167624?
1
What is the tens digit of 39605?
0
What is the tens digit of 10245746?
4
What is the tens digit of 324519?
1
What is the hundred thousands digit of 1217136?
2
What is the hundreds digit of 191381?
3
What is the ten thousands digit of 317762?
1
What is the ten thousands digit of 3176265?
7
What is the ten thousands digit of 2054345?
5
What is the hundred thousands digit of 18234396?
2
What is the millions digit of 4019295?
4
What is the units digit of 7365195?
5
What is the thousands digit of 3301292?
1
What is the hundreds digit of 16997767?
7
What is the tens digit of 100839?
3
What is the millions digit of 4296267?
4
What is the hundred thousands digit of 2323378?
3
What is the millions digit of 1450779?
1
What is the units digit of 263600?
0
What is the ten thousands digit of 11978925?
7
What is the millions digit of 2070300?
2
What is the hundreds digit of 539333?
3
What is the ten thousands digit of 5223649?
2
What is the units digit of 584468?
8
What is the tens digit of 58514?
1
What is the tens digit of 80925?
2
What is the ten thousands digit of 890408?
9
What is the units digit of 67275?
5
What is the hundreds digit of 487156?
1
What is the thousands digit of 2892158?
2
What is the thousands digit of 3172087?
2
What is the hundreds digit of 3540376?
3
What is the millions digit of 8026280?
8
What is the ten thousands digit of 4063083?
6
What is the hundred thousands digit of 6697095?
6
What is the tens digit of 512432?
3
What is the millions digit of 2320033?
2
What is the ten thousands digit of 63548?
6
What is the units digit of 22597790?
0
What is the tens digit of 8504559?
5
What is the units digit of 94482?
2
What is the ten millions digit of 12544730?
1
What is the hundred thousands digit of 9932027?
9
What is the ten thousands digit of 7474228?
7
What is the hundred thousands digit of 625613?
6
What is the ten thousands digit of 1266967?
6
What is the hundreds digit of 811329?
3
What is the hundreds digit of 186926?
9
What is the hundred thousands digit of 937377?
9
What is the hundred thousands digit of 4323869?
3
What is the ten thousands digit of 4622541?
2
What is the units digit of 4858204?
4
What is the tens digit of 1501272?
7
What is the units digit of 487696?
6
What is the hundreds digit of 301383?
3
What is the tens digit of 2191342?
4
What is the tens digit of 3892067?
6
What is the tens digit of 517155?
5
What is the ten thousands digit of 5093382?
9
What is the thousands digit of 388861?
8
What is the millions digit of 18032789?
8
What is the tens digit of 5397641?
4
What is the hundreds digit of 6345863?
8
What is the hundreds digit of 440013?
0
What is the units digit of 2587881?
1
What is the thousands digit of 1252966?
2
What is the hundreds digit of 215135?
1
What is the hundred thousands digit of 939160?
9
What is the hundred thousands digit of 154100?
1
What is the thousands digit of 15967171?
7
What is the ten thousands digit of 409130?
0
What is the hundreds digit of 153097?
0
What is the units digit of 1406627?
7
What is the hundreds digit of 11707454?
4
What is the hundreds digit of 281108?
1
What is the units digit of 120966?
6
What is the ten thousands digit of 139537?
3
What is the thousands digit of 100003?
0
What is the thousands digit of 930026?
0
What is the ten thousands digit of 10191937?
9
What is the ten millions digit of 29805536?
2
What is the tens digit of 86745?
4
What is the hundred thousands digit of 1468989?
4
What is the hundred thousands digit of 431534?
4
What is the units digit of 836900?
0
What is the thousands digit of 446243?
6
What is the hundreds digit of 431300?
3
What is the hundreds digit of 2962105?
1
What is the hundreds digit of 7007256?
2
What is the thousands digit of 29301877?
1
What is the hundreds digit of 1373548?
5
What is the ten thousands digit of 24818876?
1
What is the hundred thousands digit of 819838?
8
What is the hundreds digit of 282251?
2
What is the ten thousands digit of 1073507?
7
What is the ten thousands digit of 1360205?
6
What is the ten thousands digit of 4094225?
9
What is the ten thousands digit of 5839177?
3
What is the millions digit of 3964198?
3
What is the tens digit of 92648?
4
What is the hundreds digit of 802026?
0
What is the hundreds digit of 16682509?
5
What is the hundreds digit of 646724?
7
What is the ten thousands digit of 3292844?
9
What is the thousands digit of 201152?
1
What is the hundred thousands digit of 9054493?
0
What is the hundreds digit of 1317806?
8
What is the units digit of 17493084?
4
What is the hundreds digit of 53077?
0
What is the hundreds digit of 1626469?
4
What is the thousands digit of 472190?
2
What is the hundred thousands digit of 8777720?
7
What is the tens digit of 10962?
6
What is the thousands digit of 1490088?
0
What is the millions digit of 1715003?
1
What is the thousands digit of 715065?
5
What is the tens digit of 609993?
9
What is the units digit of 4562778?
8
What is the millions digit of 5216975?
5
What is the tens digit of 674271?
7
What is the hundred thousands digit of 820097?
8
What is the tens digit of 2573566?
6
What is the hundred thousands digit of 119565?
1
What is the thousands digit of 3158759?
8
What is the ten thousands digit of 27827?
2
What is the ten thousands digit of 1972400?
7
What is the hundreds digit of 560106?
1
What is the ten thousands digit of 32262872?
6
What is the hundreds digit of 553636?
6
What is the ten thousands digit of 16444905?
4
What is the hundred thousands digit of 237747?
2
What is the millions digit of 4879532?
4
What is the tens digit of 3299167?
6
What is the hundred thousands digit of 658843?
6
What is the units digit of 652387?
7
What is the hundred thousands digit of 3411662?
4
What is the ten thousands digit of 106759?
0
What is the ten thousands digit of 9230926?
3
What is the hundreds digit of 4518151?
1
What is the thousands digit of 255657?
5
What is the hundred thousands digit of 347042?
3
What is the ten thousands digit of 290881?
9
What is the ten th